at is 24 - -364?
421
In base 15, what is 257 + 3?
25a
In base 8, what is 4 + -44?
-40
In base 3, what is 200120 - -1?
200121
In base 2, what is 0 - -101101011111?
101101011111
In base 3, what is -111 - 10212?
-11100
In base 13, what is ba39 - 0?
ba39
In base 4, what is 1 + -11032?
-11031
In base 13, what is 53 - 5?
4b
In base 9, what is 23 + 38?
62
In base 5, what is 13 - 0?
13
In base 7, what is -15 - 330?
-345
In base 3, what is 12 + 100001?
100020
In base 14, what is 17bb + 4?
17c1
In base 5, what is 340 + -3?
332
In base 7, what is -11 - -331?
320
In base 2, what is 10011101001 - 0?
10011101001
In base 16, what is ab4 - -2?
ab6
In base 5, what is -320 + -2?
-322
In base 8, what is -20 + -104?
-124
In base 7, what is -2 + -31340?
-31342
In base 3, what is 22100 - -22?
22122
In base 10, what is 119 + 4?
123
In base 12, what is -7a9 + -2?
-7ab
In base 8, what is 410 + 6?
416
In base 2, what is 1010010101 - 101?
1010010000
In base 12, what is 4 - -3916?
391a
In base 9, what is 0 + -148?
-148
In base 10, what is 44 + -25?
19
In base 10, what is 1197 - 3?
1194
In base 15, what is 3b + -1?
3a
In base 11, what is -118 - 1?
-119
In base 3, what is 1 + -100110?
-100102
In base 10, what is 4 + -4?
0
In base 11, what is -5 - 6a?
-74
In base 6, what is -203 + 4?
-155
In base 13, what is -6 + b52?
b49
In base 8, what is 61 - -12?
73
In base 14, what is -17 + 26?
d
In base 6, what is 25 - -13?
42
In base 12, what is -1a7 + 8?
-19b
In base 9, what is -13 + 863?
850
In base 9, what is -1258 + -2?
-1261
In base 11, what is 14 + 65?
79
In base 13, what is 51 + -3?
4b
In base 9, what is -42 - 156?
-208
In base 10, what is 728 - 3?
725
In base 8, what is -2 - -200?
176
In base 11, what is -1 + 21?
20
In base 15, what is 35 + e?
44
In base 8, what is 134 - 3?
131
In base 8, what is -575 + 5?
-570
In base 7, what is -142 + -12?
-154
In base 15, what is -1 - -45?
44
In base 6, what is -10 - 30?
-40
In base 12, what is -6084 + 3?
-6081
In base 8, what is -6 - 775?
-1003
In base 12, what is 8484 - 3?
8481
In base 8, what is 276 - 3?
273
In base 16, what is -95 + 8?
-8d
In base 13, what is 5c + 3?
62
In base 13, what is 5 - -26?
2b
In base 11, what is 3 + 12a?
132
In base 11, what is -1440 + -5?
-1445
In base 15, what is 1 - -d0?
d1
In base 10, what is -109 - 53?
-162
In base 6, what is 4 - -24?
32
In base 13, what is -2001 + 4?
-1cca
In base 2, what is -11 - -101010101?
101010010
In base 2, what is 101000 + 101?
101101
In base 14, what is -10c - -3?
-109
In base 13, what is 0 + 299?
299
In base 7, what is -1046 - 2?
-1051
In base 14, what is -45c - 3?
-461
In base 2, what is 11 + -10101010?
-10100111
In base 9, what is 5 + -2277?
-2272
In base 4, what is -12 - 11211?
-11223
In base 16, what is 0 + -79?
-79
In base 7, what is 5 - -3?
11
In base 9, what is 10302 - 3?
10288
In base 15, what is 3 - 48d?
-48a
In base 10, what is -4 - 91?
-95
In base 16, what is 2b74 - -2?
2b76
In base 9, what is -4 - 81?
-85
In base 2, what is -101 - -1000100?
111111
In base 12, what is 3 + -2144?
-2141
In base 2, what is -111110 + 11011?
-100011
In base 10, what is -1 + -1?
-2
In base 7, what is 0 - 21253?
-21253
In base 13, what is 5 - a9?
-a4
In base 7, what is 205 - 13?
162
In base 10, what is -20 - -3?
-17
In base 14, what is -33 + -3?
-36
In base 12, what is -4 + -4b2?
-4b6
In base 3, what is 0 - 10122?
-10122
In base 13, what is -8b - -24?
-67
In base 8, what is -455 - 5?
-462
In base 12, what is -10 - -2?
-a
In base 16, what is 1 - 35?
-34
In base 16, what is -40 + 1?
-3f
In base 15, what is -183 - -4?
-17e
In base 7, what is -5 + -2?
-10
In base 10, what is 3 + -4526?
-4523
In base 14, what is 11 - -6?
17
In base 15, what is 1 + 6b?
6c
In base 16, what is -36 - 18?
-4e
In base 14, what is -108c + -3?
-1091
In base 3, what is -22111101 + -11?
-22111112
In base 7, what is 334 - -12?
346
In base 16, what is 3 + -9d0?
-9cd
In base 2, what is -1010 - -1001100?
1000010
In base 16, what is 18b - -3?
18e
In base 14, what is 0 + 92?
92
In base 9, what is 22355 + 3?
22358
In base 12, what is 2a7 - 2?
2a5
In base 13, what is 1a57 - a?
1a4a
In base 15, what is 2 + -2?
0
In base 13, what is 24 - -a6?
ca
In base 6, what is -4 + 143?
135
In base 11, what is -1 - 34?
-35
In base 16, what is -5 + -43?
-48
In base 5, what is 14 - -1023?
1042
In base 10, what is 39 + -73?
-34
In base 4, what is 20 - 3120?
-3100
In base 16, what is -99b - 5?
-9a0
In base 7, what is 665 + 0?
665
In base 7, what is 5 + 365?
403
In base 11, what is -2 - -2?
0
In base 11, what is 1a0 - -5?
1a5
In base 7, what is 21 + 14?
35
In base 6, what is -44 - 0?
-44
In base 16, what is 10a + 1?
10b
In base 4, what is 12 - -130?
202
In base 7, what is 6 + 252?
261
In base 4, what is 21 - -1?
22
In base 13, what is 1 + 12a?
12b
In base 10, what is 5 - -148?
153
In base 5, what is -1131020 - 4?
-1131024
In base 6, what is 45 + -3?
42
In base 6, what is 1 + -320?
-315
In base 13, what is 5 - 881?
-879
In base 11, what is 8 - 14?
-7
In base 14, what is 6da + 5?
701
In base 5, what is -10000 + -3?
-10003
In base 8, what is 7125 - 4?
7121
In base 5, what is 110 + -11401?
-11241
In base 3, what is 2001111 + 20?
2001201
In base 14, what is -43 - -2?
-41
In base 12, what is 5 - 91?
-88
In base 12, what is 103 + 12?
115
In base 11, what is 9 - 38?
-2a
In base 10, what is -4 - 611?
-615
In base 9, what is -120 + -3?
-123
In base 4, what is -3021 - 3?
-3030
In base 4, what is -2 - -3?
1
In base 14, what is 32 - -d?
41
In base 16, what is 1 + -b0?
-af
In base 11, what is -6 - 4?
-a
In base 9, what is 56541 + -3?
56537
In base 15, what is c0e - -4?
c13
In base 12, what is -8 + 64?
58
In base 5, what is 1 + -1111?
-1110
In base 2, what is 1011111 + -1?
1011110
In base 2, what is 10 - -10001001001?
10001001011
In base 3, what is -111 - 101?
-212
In base 3, what is -1210200 + -221?
-1211121
In base 14, what is 18b + -6?
185
In base 8, what is -20 - -1412?
1372
In base 15, what is -226c - 5?
-2272
In base 16, what is 2 - 1f2?
-1f0
In base 10, what is -776 - -5?
-771
In base 13, what is 3a - -4?
41
In base 5, what is 3 + -212213?
-212210
In base 11, what is -153 + -3?
-156
In base 15, what is d + -35?
-27
In base 8, what is -3 + -103?
-106
In base 4, what is -2 - -133113?
133111
In base 10, what is -23 + 150?
127
In base 3, what is -12 + -202221?
-210010
In base 2, what is -10 - -101110?
101100
In base 12, what is -1 - 54?
-55
In base 13, what is 24 - -168?
18c
In base 7, what is -3 - 113?
-116
In base 13, what is 225 + -43?
1b2
In base 12, what is -21 + -13?
-34
In base 16, what is -b + cf?
c4
In base 2, what is -1010110100 - -10?
-1010110010
In base 8, what is -201 + -113?
-314
In base 9, what is -447 + 5?
-442
In base 7, what is -455 + -5?
-463
In base 12, what is -a - 5?
-13
In base 12, what is -5 + -8a?
-93
In base 7, what is -4 - 543?
-550
In base 15, what is -5 + -307?
-30c
In base 16, what is 3bb + 5?
3c0
In base 2, what is -1001 + 1010111?
1001110
In base 15, what is -ec - -38?
-b4
In base 10, what is -1946 - 2?
-1948
In base 8, what is 106 - 7?
77
In base 4, what is -21 + 10?
-11
In base 12, what is -a + 68?
5a
In base 10, what is 7 - 28?
-21
In base 5, what is 11 + -23?
-12
In base 4, what is -1003 + -10?
-1013
In base 4, what is -1 + 31?
30
In base 10, what is -1 - -129?
128
In base 8, what is 76 - 1?
75
In base 2, what is 1001 + -10110?
-1101
In base 13, what is -31 + 68?
37
In base 16, what is -1559 + -3?
-155c
In base 16, what is -a - 58?
-62
In base 13, what is 2 + 40?
42
In base 2, what is 1110111100 - -101?
1111000001
In base 4, what is -10103 - -32?
-10011
In base 16, what is -d2 + -5?
-d7
In base 5, what is -3 + -3142?
-3200
In base 5, what is -24 - -433?
404
In base 14, what is 1da - -1?
1db
In base 15, what is 525 - 1?
524
In base 4, what is -232223 + 2?
-232221
In base 3, what is -2 - 1002?
-1011
In base 9, what is -123 - 0?
-123
In base 4, what is 11 + -1000?
-323
In base 15, what is -2 + 36?
34
In base 4, what is -2 - 11330?
-11332
In base 7, what is 4 - -312?
316
In base 6, what is 5 - 5?
0
In base 15, what is 20 + 7?
27
In base 8, what is 23765 + 0?
23765
In base 6, what is 0 + 533?
533
In base 8, what is -17 + -6?
-25
In base 6, what is 0 + 5012?
5012
In base 2, what is -10011 - -11110?
1011
In base 15, what is c + 